{"id":2183,"date":"2020-07-03T14:29:55","date_gmt":"2020-07-03T14:29:55","guid":{"rendered":"https:\/\/www.mariadoceira.com\/loja\/?post_type=product&#038;p=2183"},"modified":"2020-08-13T07:52:37","modified_gmt":"2020-08-13T07:52:37","slug":"arroz-de-galinha","status":"publish","type":"product","link":"https:\/\/www.mariadoceira.com\/loja\/produto\/arroz-de-galinha\/","title":{"rendered":"Arroz de Galinha com passas e am\u00eandoas"},"content":{"rendered":"<p>Arroz basmati, galinha do campo (OVOS), cebola, cenoura, azeite, am\u00eandoa palitada sem pele (FRUTOS CASCA RIJA), passas de uva sem gra\u00ednha, molho ingl\u00eas (SULFITOS, SOJA, GL\u00daTEN), alho, caldo de galinha em cubos.<\/p>\n","protected":false},"excerpt":{"rendered":"<p><strong>Declara\u00e7\u00e3o nutricional (por 100g)<\/strong><br \/>\nEnergia: 712 KJ \/ 170 Kcal L\u00edpidos: 7,74 g, dos quais Saturados: 1,50 g<br \/>\nHidratos de carbono: 18,85 g, dos quais A\u00e7\u00facares: 2,87 g Fibra: 0,85 g<br \/>\nProte\u00ednas: 5,79 g Sal: 0,13 g<\/p>\n<p><i class=\"arrow left\"><\/i> Foto: sugest\u00e3o de apresenta\u00e7\u00e3o<\/p>\n<p><button type=\"button\" class=\"button1\" onclick=\"history.back();\"> <i class=\"arrow left\"><\/i> Voltar <\/button><\/p>\n","protected":false},"featured_media":2184,"template":"","meta":[],"product_brand":[],"product_cat":[20],"product_tag":[],"class_list":{"0":"post-2183","1":"product","2":"type-product","3":"status-publish","4":"has-post-thumbnail","6":"product_cat-carne","8":"first","9":"instock","10":"taxable","11":"shipping-taxable","12":"product-type-simple"},"_links":{"self":[{"href":"https:\/\/www.mariadoceira.com\/loja\/wp-json\/wp\/v2\/product\/2183","targetHints":{"allow":["GET"]}}],"collection":[{"href":"https:\/\/www.mariadoceira.com\/loja\/wp-json\/wp\/v2\/product"}],"about":[{"href":"https:\/\/www.mariadoceira.com\/loja\/wp-json\/wp\/v2\/types\/product"}],"wp:featuredmedia":[{"embeddable":true,"href":"https:\/\/www.mariadoceira.com\/loja\/wp-json\/wp\/v2\/media\/2184"}],"wp:attachment":[{"href":"https:\/\/www.mariadoceira.com\/loja\/wp-json\/wp\/v2\/media?parent=2183"}],"wp:term":[{"taxonomy":"product_brand","embeddable":true,"href":"https:\/\/www.mariadoceira.com\/loja\/wp-json\/wp\/v2\/product_brand?post=2183"},{"taxonomy":"product_cat","embeddable":true,"href":"https:\/\/www.mariadoceira.com\/loja\/wp-json\/wp\/v2\/product_cat?post=2183"},{"taxonomy":"product_tag","embeddable":true,"href":"https:\/\/www.mariadoceira.com\/loja\/wp-json\/wp\/v2\/product_tag?post=2183"}],"curies":[{"name":"wp","href":"https:\/\/api.w.org\/{rel}","templated":true}]}}