{"id":2185,"date":"2020-07-03T14:32:56","date_gmt":"2020-07-03T14:32:56","guid":{"rendered":"https:\/\/www.mariadoceira.com\/loja\/?post_type=product&#038;p=2185"},"modified":"2020-08-13T07:51:56","modified_gmt":"2020-08-13T07:51:56","slug":"arroz-de-pato","status":"publish","type":"product","link":"https:\/\/www.mariadoceira.com\/loja\/produto\/arroz-de-pato\/","title":{"rendered":"Arroz de Pato"},"content":{"rendered":"<p>Pato, arroz vaporizado, cebola, laranja, cenoura, Vinho tinto (DI\u00d3XIDO DE ENXOFRE\/SULFITOS), sal, \u00f3leo alimentar, alho, molho ingl\u00eas (SULFITOS, SOJA, GL\u00daTEN), caldo de carne em cubos (AIPO), chouri\u00e7o de carne (SULFITOS), bacon (GL\u00daTEN, SOJA, LEITE), pimento verde, pimento vermelho.<\/p>\n","protected":false},"excerpt":{"rendered":"<p><strong>Caracter\u00edsticas do produto<\/strong><br \/>\nULTRACONGELADO | Acondicionamento: 500 g | Durabilidade:2 meses<\/p>\n<p><strong>Declara\u00e7\u00e3o nutricional (por 100g)<\/strong><br \/>\nEnergia: 588 KJ \/ 141 Kcal L\u00edpidos: 3,79 g, dos quais Saturados: 1,37 g<br \/>\nHidratos de carbono: 13,90 g, dos quais A\u00e7\u00facares: 0,63 g Fibra: 0,61 g<br \/>\nProte\u00ednas: 12,40 g Sal: 1,03 g<\/p>\n<p><button type=\"button\" class=\"button1\" onclick=\"history.back();\"> <i class=\"arrow left\"><\/i> Voltar <\/button><\/p>\n","protected":false},"featured_media":2186,"template":"","meta":[],"product_brand":[],"product_cat":[20],"product_tag":[],"class_list":{"0":"post-2185","1":"product","2":"type-product","3":"status-publish","4":"has-post-thumbnail","6":"product_cat-carne","8":"first","9":"instock","10":"taxable","11":"shipping-taxable","12":"product-type-simple"},"_links":{"self":[{"href":"https:\/\/www.mariadoceira.com\/loja\/wp-json\/wp\/v2\/product\/2185","targetHints":{"allow":["GET"]}}],"collection":[{"href":"https:\/\/www.mariadoceira.com\/loja\/wp-json\/wp\/v2\/product"}],"about":[{"href":"https:\/\/www.mariadoceira.com\/loja\/wp-json\/wp\/v2\/types\/product"}],"wp:featuredmedia":[{"embeddable":true,"href":"https:\/\/www.mariadoceira.com\/loja\/wp-json\/wp\/v2\/media\/2186"}],"wp:attachment":[{"href":"https:\/\/www.mariadoceira.com\/loja\/wp-json\/wp\/v2\/media?parent=2185"}],"wp:term":[{"taxonomy":"product_brand","embeddable":true,"href":"https:\/\/www.mariadoceira.com\/loja\/wp-json\/wp\/v2\/product_brand?post=2185"},{"taxonomy":"product_cat","embeddable":true,"href":"https:\/\/www.mariadoceira.com\/loja\/wp-json\/wp\/v2\/product_cat?post=2185"},{"taxonomy":"product_tag","embeddable":true,"href":"https:\/\/www.mariadoceira.com\/loja\/wp-json\/wp\/v2\/product_tag?post=2185"}],"curies":[{"name":"wp","href":"https:\/\/api.w.org\/{rel}","templated":true}]}}