{"id":2214,"date":"2020-07-03T15:12:47","date_gmt":"2020-07-03T15:12:47","guid":{"rendered":"https:\/\/www.mariadoceira.com\/loja\/?post_type=product&#038;p=2214"},"modified":"2020-08-13T07:46:33","modified_gmt":"2020-08-13T07:46:33","slug":"rissois-de-camarao","status":"publish","type":"product","link":"https:\/\/www.mariadoceira.com\/loja\/produto\/rissois-de-camarao\/","title":{"rendered":"Rissois de camar\u00e3o"},"content":{"rendered":"<p>Farinha sem fermento (GL\u00daTEN), camar\u00e3o cozido (CAMAR\u00c3O e SULFITOS), leite meio gordo (LEITE), cebola, azeite, coentros, alho, caldo de peixe em cubos (PEIXE, CAMAR\u00c3O, AIPO), sal, noz moscada, folha de louro seca, \u00e1gua, azeite, casca de lim\u00e3o, caldo de marisco em cubos (CAMAR\u00c3O, LAGOSTA), pimenta, p\u00e3o ralado (GL\u00daTEN, OVOS, SOJA, LEITE), ovo inteiro l\u00edquido (OVO).<\/p>\n","protected":false},"excerpt":{"rendered":"<p><strong>Declara\u00e7\u00e3o nutricional (por 100g)<\/strong><br \/>\nEnergia: 1201 KJ \/ 287 Kcal L\u00edpidos: 2,48 g, dos quais Saturados: 0,75 g<br \/>\nHidratos de carbono: 57,35 g, dos quais A\u00e7\u00facares: 2,58 g Fibra: 0,23 g<br \/>\nProte\u00ednas: 8,70 g Sal: 0,24 g<\/p>\n<p><button type=\"button\" class=\"button1\" onclick=\"history.back();\"> <i class=\"arrow left\"><\/i> Voltar <\/button><\/p>\n","protected":false},"featured_media":2215,"template":"","meta":[],"product_brand":[],"product_cat":[25],"product_tag":[],"class_list":{"0":"post-2214","1":"product","2":"type-product","3":"status-publish","4":"has-post-thumbnail","6":"product_cat-salgados","8":"first","9":"instock","10":"taxable","11":"shipping-taxable","12":"product-type-simple"},"_links":{"self":[{"href":"https:\/\/www.mariadoceira.com\/loja\/wp-json\/wp\/v2\/product\/2214","targetHints":{"allow":["GET"]}}],"collection":[{"href":"https:\/\/www.mariadoceira.com\/loja\/wp-json\/wp\/v2\/product"}],"about":[{"href":"https:\/\/www.mariadoceira.com\/loja\/wp-json\/wp\/v2\/types\/product"}],"wp:featuredmedia":[{"embeddable":true,"href":"https:\/\/www.mariadoceira.com\/loja\/wp-json\/wp\/v2\/media\/2215"}],"wp:attachment":[{"href":"https:\/\/www.mariadoceira.com\/loja\/wp-json\/wp\/v2\/media?parent=2214"}],"wp:term":[{"taxonomy":"product_brand","embeddable":true,"href":"https:\/\/www.mariadoceira.com\/loja\/wp-json\/wp\/v2\/product_brand?post=2214"},{"taxonomy":"product_cat","embeddable":true,"href":"https:\/\/www.mariadoceira.com\/loja\/wp-json\/wp\/v2\/product_cat?post=2214"},{"taxonomy":"product_tag","embeddable":true,"href":"https:\/\/www.mariadoceira.com\/loja\/wp-json\/wp\/v2\/product_tag?post=2214"}],"curies":[{"name":"wp","href":"https:\/\/api.w.org\/{rel}","templated":true}]}}